 593
What are the prime factors of 27444309?
3, 409, 22367
List the prime factors of 17644.
2, 11, 401
What are the prime factors of 6741367?
17, 257, 1543
What are the prime factors of 2236255?
5, 7, 181, 353
What are the prime factors of 1176445?
5, 235289
What are the prime factors of 1868358?
2, 3, 311393
What are the prime factors of 4550768?
2, 284423
List the prime factors of 2227929.
3, 11, 181, 373
List the prime factors of 13703262.
2, 3, 23, 109, 911
List the prime factors of 2600841.
3, 37, 23431
What are the prime factors of 70116?
2, 3, 5843
List the prime factors of 537002.
2, 268501
List the prime factors of 1355621.
47, 28843
What are the prime factors of 339048?
2, 3, 17, 277
List the prime factors of 1131019.
733, 1543
List the prime factors of 24160269.
3, 7, 1150489
What are the prime factors of 21613171?
17, 113, 11251
What are the prime factors of 114000?
2, 3, 5, 19
List the prime factors of 2873404.
2, 191, 3761
List the prime factors of 24820309.
24820309
List the prime factors of 31152540.
2, 3, 5, 47, 11047
List the prime factors of 31988055.
3, 5, 11, 23, 8429
List the prime factors of 28602397.
28602397
What are the prime factors of 457610?
2, 5, 67, 683
List the prime factors of 1349229.
3, 7, 47, 1367
List the prime factors of 641335.
5, 29, 4423
List the prime factors of 805204.
2, 47, 4283
What are the prime factors of 336627?
3, 113, 331
What are the prime factors of 109241?
11, 9931
List the prime factors of 817005.
3, 5, 7, 31, 251
What are the prime factors of 11975?
5, 479
List the prime factors of 14451729.
3, 419, 11497
List the prime factors of 9583752.
2, 3, 19, 21017
What are the prime factors of 5128210?
2, 5, 512821
List the prime factors of 925987.
925987
What are the prime factors of 2919882?
2, 3, 7, 19, 3659
List the prime factors of 188437.
188437
What are the prime factors of 2694441?
3, 898147
What are the prime factors of 516419?
23, 22453
List the prime factors of 197617.
7, 37, 109
What are the prime factors of 665234?
2, 332617
What are the prime factors of 1502624?
2, 46957
List the prime factors of 2092515.
3, 5, 139501
List the prime factors of 414269.
414269
List the prime factors of 2190717.
3, 47, 5179
List the prime factors of 203602.
2, 7, 14543
What are the prime factors of 978341?
7, 13, 827
List the prime factors of 629229.
3, 209743
List the prime factors of 3379200.
2, 3, 5, 11
List the prime factors of 15628248.
2, 3, 72353
List the prime factors of 143962.
2, 7, 13, 113
What are the prime factors of 679463?
679463
What are the prime factors of 160911?
3, 19, 941
List the prime factors of 861768.
2, 3, 11969
List the prime factors of 2607755.
5, 521551
What are the prime factors of 19497624?
2, 3, 812401
What are the prime factors of 519219?
3, 31, 1861
What are the prime factors of 330171?
3, 157, 701
List the prime factors of 251481.
3, 17, 4931
What are the prime factors of 7581973?
7, 23, 47093
List the prime factors of 5132434.
2, 1129, 2273
What are the prime factors of 3580730?
2, 5, 358073
What are the prime factors of 4727012?
2, 61, 19373
What are the prime factors of 2450277?
3, 151, 601
What are the prime factors of 148410?
2, 3, 5, 17, 97
What are the prime factors of 154725?
3, 5, 2063
What are the prime factors of 329449?
73, 4513
What are the prime factors of 808355?
5, 19, 67, 127
What are the prime factors of 116548?
2, 29137
What are the prime factors of 11308921?
13, 293, 2969
List the prime factors of 990573.
3, 17, 19423
What are the prime factors of 307957?
13, 23689
What are the prime factors of 429451?
11, 39041
List the prime factors of 1500336.
2, 3, 23, 151
What are the prime factors of 1950155?
5, 17, 22943
What are the prime factors of 522781?
7, 47, 227
What are the prime factors of 2006742?
2, 3, 19, 29, 607
What are the prime factors of 14505338?
2, 7252669
What are the prime factors of 17954457?
3, 113, 52963
List the prime factors of 216157.
216157
What are the prime factors of 950712?
2, 3, 7, 5659
List the prime factors of 3513169.
11, 17, 18787
List the prime factors of 415346.
2, 207673
List the prime factors of 775949.
775949
List the prime factors of 163750.
2, 5, 131
List the prime factors of 3384887.
11, 17, 23, 787
List the prime factors of 107183.
107183
What are the prime factors of 15251812?
2, 953, 4001
What are the prime factors of 139404?
2, 3, 11617
List the prime factors of 423641.
67, 6323
List the prime factors of 210612.
2, 3, 17551
List the prime factors of 2143032.
2, 3, 89293
What are the prime factors of 21358?
2, 59, 181
What are the prime factors of 689401?
17, 107, 379
What are the prime factors of 3871558?
2, 29, 66751
What are the prime factors of 12188277?
3, 277, 4889
What are the prime factors of 5757147?
3, 11, 58153
What are the prime factors of 4641741?
3, 13, 97, 409
What are the prime factors of 406065?
3, 5, 11, 23, 107
What are the prime factors of 1482369?
3, 7, 70589
What are the prime factors of 9646056?
2, 3, 7, 19139
List the prime factors of 1119495.
3, 5, 13, 5741
List the prime factors of 63978.
2, 3, 10663
List the prime factors of 510140.
2, 5, 23, 1109
List the prime factors of 2659845.
3, 5, 177323
What are the prime factors of 221605?
5, 23, 41, 47
What are the prime factors of 209998?
2, 104999
What are the prime factors of 7335533?
7335533
What are the prime factors of 1015449?
3, 59, 5737
List the prime factors of 589472.
2, 13, 109
What are the prime factors of 294878?
2, 47, 3137
List the prime factors of 129848.
2, 16231
What are the prime factors of 472995?
3, 5, 23, 457
List the prime factors of 193236.
2, 3, 16103
What are the prime factors of 27471140?
2, 5, 1373557
List the prime factors of 339778.
2, 169889
List the prime factors of 704291.
7, 100613
List the prime factors of 614227.
17, 36131
What are the prime factors of 420142?
2, 210071
List the prime factors of 2194425.
3, 5, 3251
List the prime factors of 696373.
696373
What are the prime factors of 320329?
320329
What are the prime factors of 3576179?
3576179
List the prime factors of 103092.
2, 3, 11, 71
List the prime factors of 15710551.
2459, 6389
List the prime factors of 2225462.
2, 1112731
What are the prime factors of 1439857?
31, 46447
What are the prime factors of 475964?
2, 257, 463
List the prime factors of 8970.
2, 3, 5, 13, 23
What are the prime factors of 6360729?
3, 2120243
List the prime factors of 3116197.
7, 367, 1213
List the prime factors of 132451.
11, 12041
List the prime factors of 226292.
2, 11, 37, 139
What are the prime factors of 4096353?
3, 163, 8377
List the prime factors of 2154512.
2, 17, 89
List the prime factors of 4185574.
2, 191, 10957
List the prime factors of 1408927.
13, 108379
List the prime factors of 205154.
2, 67, 1531
List the prime factors of 223578.
2, 3, 12421
What are the prime factors of 2172366?
2, 3, 7, 821
List the prime factors of 1239898.
2, 11, 56359
List the prime factors of 513225.
3, 5, 2281
List the prime factors of 265786.
2, 132893
List the prime factors of 5473.
13, 421
What are the prime factors of 574490?
2, 5, 7, 29, 283
List the prime factors of 48964.
2, 12241
List the prime factors of 134470.
2, 5, 7, 17, 113
List the prime factors of 20748471.
3, 59, 117223
List the prime factors of 5759576.
2, 719947
List the prime factors of 18838579.
109, 401, 431
List the prime factors of 24356456.
2, 1361, 2237
List the prime factors of 14871251.
61, 131, 1861
What are the prime factors of 5828947?
5828947
What are the prime factors of 4288623?
3, 19, 75239
What are the prime factors of 2115?
3, 5, 47
What are the prime factors of 6801774?
2, 3, 7, 161947
What are the prime factors of 633973?
19, 61, 547
What are the prime factors of 201291?
3, 229, 293
List the prime factors of 3332534.
2, 53, 149, 211
List the prime factors of 708006.
2, 3, 13, 29, 313
What are the prime factors of 20376360?
2, 3, 5, 19, 331
List the prime factors of 156516.
2, 3, 13043
What are the prime factors of 177580?
2, 5, 13, 683
List the prime factors of 34874.
2, 7, 47, 53
What are the prime factors of 7229172?
2, 3, 602431
What are the prime factors of 32871613?
911, 36083
List the prime factors of 3192574.
2, 7, 11, 20731
List the prime factors of 6762932.
2, 11, 89, 157
What ar